common factor of 2065804 and 26.
26
What is the greatest common divisor of 492550 and 50?
50
Calculate the highest common divisor of 21838 and 9638.
122
What is the highest common divisor of 12450 and 7890?
30
What is the greatest common divisor of 17201 and 32231?
167
What is the greatest common factor of 3516 and 2892?
12
What is the greatest common factor of 38599 and 44?
11
What is the greatest common factor of 201 and 111019?
67
Calculate the highest common divisor of 38 and 9747.
19
Calculate the greatest common divisor of 24 and 531192.
24
Calculate the highest common divisor of 21152 and 512.
32
What is the highest common divisor of 179251 and 553?
79
Calculate the greatest common factor of 8724 and 8988.
12
Calculate the greatest common divisor of 137879 and 28.
7
What is the highest common divisor of 28 and 118748?
28
Calculate the greatest common factor of 19152 and 487312.
2128
What is the highest common factor of 47 and 329611?
47
What is the greatest common divisor of 157 and 101422?
157
Calculate the highest common factor of 49538 and 26792.
34
What is the highest common factor of 1740 and 13891?
29
What is the highest common divisor of 2730 and 4485?
195
What is the highest common divisor of 36190 and 188?
94
Calculate the highest common divisor of 17056158 and 219.
219
What is the highest common factor of 81960 and 160?
40
Calculate the highest common divisor of 66 and 410531.
11
Calculate the greatest common factor of 1495 and 2822261.
299
Calculate the highest common divisor of 3536 and 78.
26
What is the greatest common factor of 60 and 763170?
30
What is the greatest common factor of 2940 and 120660?
60
What is the highest common divisor of 510 and 2292?
6
Calculate the greatest common divisor of 7975 and 8800.
275
What is the highest common divisor of 146908 and 171?
19
What is the highest common divisor of 1166 and 119515?
583
What is the greatest common divisor of 30350 and 1250?
50
Calculate the highest common divisor of 11849 and 31283.
41
What is the greatest common divisor of 57 and 107977?
19
Calculate the greatest common divisor of 4079395 and 57.
19
Calculate the highest common factor of 1530 and 65700.
90
Calculate the greatest common factor of 88 and 7768.
8
What is the highest common divisor of 216 and 192?
24
What is the greatest common factor of 528876 and 60?
12
What is the highest common factor of 8001 and 19089?
63
Calculate the highest common factor of 2910 and 388.
194
What is the highest common factor of 27 and 531?
9
Calculate the greatest common factor of 1188 and 14784.
132
Calculate the greatest common divisor of 668318 and 14.
14
What is the greatest common factor of 370 and 170570?
370
Calculate the greatest common divisor of 132387 and 3.
3
Calculate the greatest common factor of 92656 and 16.
16
Calculate the greatest common divisor of 110 and 14830.
10
What is the highest common divisor of 39 and 53807?
13
What is the highest common factor of 21053 and 37?
37
Calculate the greatest common factor of 876860 and 160.
20
Calculate the highest common factor of 263378 and 34894.
478
What is the greatest common divisor of 5230 and 70?
10
Calculate the greatest common factor of 1044 and 1921308.
348
Calculate the greatest common factor of 207250 and 280.
10
What is the greatest common divisor of 246 and 18810?
6
What is the highest common divisor of 16168 and 1034?
94
Calculate the greatest common divisor of 3022 and 10.
2
Calculate the highest common divisor of 7744440 and 60.
60
What is the highest common factor of 19656 and 1248?
312
What is the greatest common factor of 32 and 256288?
32
Calculate the highest common divisor of 272 and 213044.
68
What is the highest common divisor of 11652 and 39811?
971
Calculate the greatest common divisor of 89422 and 4.
2
What is the greatest common divisor of 1702 and 26603?
37
What is the highest common factor of 6314 and 41888?
154
What is the highest common factor of 54819 and 261?
9
What is the highest common divisor of 93461 and 1197?
19
What is the highest common factor of 539 and 357566?
11
Calculate the highest common factor of 9 and 173541.
3
What is the highest common factor of 41472 and 8?
8
What is the highest common divisor of 1674 and 64914?
186
Calculate the greatest common divisor of 45734 and 338.
26
Calculate the highest common divisor of 7318324 and 348.
116
What is the highest common factor of 36 and 2115?
9
Calculate the greatest common factor of 462 and 3718.
22
What is the greatest common divisor of 6 and 2106726?
6
Calculate the highest common factor of 17971572 and 2292.
2292
What is the greatest common divisor of 399 and 2247?
21
What is the greatest common factor of 203345 and 1005?
335
Calculate the highest common factor of 68 and 1948.
4
What is the greatest common factor of 34328 and 196?
28
What is the highest common divisor of 1584 and 561?
33
What is the greatest common divisor of 1155 and 140217?
231
Calculate the highest common divisor of 345 and 1695.
15
What is the greatest common factor of 19817 and 5513?
149
What is the greatest common divisor of 506 and 88110?
22
Calculate the greatest common divisor of 2546 and 3743.
19
What is the highest common factor of 18 and 7044?
6
Calculate the greatest common factor of 66 and 973533.
33
Calculate the highest common factor of 7406 and 242282.
1058
Calculate the highest common factor of 30704 and 15238.
38
Calculate the highest common divisor of 17 and 193222.
17
What is the highest common divisor of 170164 and 304?
76
Calculate the greatest common divisor of 774 and 12173472.
774
What is the highest common factor of 2004 and 1620?
12
Calculate the greatest common divisor of 690 and 1920.
30
Calculate the greatest common factor of 109378 and 1258.
34
Calculate the highest common factor of 9918 and 893.
19
What is the greatest common divisor of 23016 and 169880?
1096
What is the highest common divisor of 20 and 3596260?
20
Calculate the greatest common divisor of 682 and 1488.
62
What is the greatest common divisor of 216 and 88?
8
What is the highest common factor of 2856 and 4431?
21
Calculate the greatest common factor of 26325 and 2912.
13
Calculate the highest common factor of 522 and 376478.
58
Calculate the highest common factor of 40425 and 245.
245
What is the highest common factor of 1112075 and 5?
5
Calculate the highest common factor of 160589 and 22.
11
What is the highest common divisor of 18740 and 62?
2
Calculate the greatest common divisor of 17 and 416653.
17
Calculate the greatest common divisor of 150 and 1078850.
50
Calculate the highest common factor of 12 and 380040.
12
What is the highest common factor of 17116 and 724?
4
What is the greatest common factor of 40866 and 2224?
278
Calculate the greatest common factor of 324 and 6066.
18
Calculate the highest common factor of 165305 and 35.
35
What is the greatest common divisor of 392 and 310562?
98
What is the highest common divisor of 106290 and 180?
90
Calculate the highest common factor of 522 and 19242.
18
Calculate the highest common factor of 460 and 8020.
20
Calculate the greatest common divisor of 2337 and 7923.
57
Calculate the highest common factor of 172 and 100104.
172
What is the highest common divisor of 1712 and 430354?
214
Calculate the highest common divisor of 1196 and 15236.
52
Calculate the greatest common divisor of 15910 and 22570.
370
What is the highest common divisor of 2616 and 1608?
24
What is the greatest common divisor of 2728 and 3696?
88
What is the highest common factor of 192 and 1410?
6
What is the greatest common factor of 117 and 1112644?
13
What is the greatest common factor of 38335 and 820?
205
What is the greatest common factor of 72 and 30834?
18
What is the greatest common divisor of 302331 and 2685?
537
Calculate the highest common divisor of 109251 and 5856.
183
Calculate the greatest common factor of 50 and 238.
2
What is the highest common divisor of 617493 and 481?
37
What is the greatest common divisor of 5380942 and 357?
119
Calculate the greatest common divisor of 14080 and 1045.
55
Calculate the greatest common factor of 474891 and 59.
59
What is the greatest common divisor of 8794 and 2?
2
What is the greatest common divisor of 520 and 875940?
260
Calcu